 0. Calculate the remainder when k is divided by y.
9
Let i = 161 + -32. What is the remainder when i is divided by 13?
12
Let a = 9 + 33. Suppose 0 = -3*k + 5*k - a. What is the remainder when 60 is divided by k?
18
Let o = 327 + -199. Calculate the remainder when o is divided by 33.
29
Suppose b - 2 = 7. Suppose -z + 0*z + b = 0. Suppose 0 = 5*u + 60 - 145. Calculate the remainder when u is divided by z.
8
Suppose -23 = -2*q - 1. Calculate the remainder when q is divided by 5.
1
Suppose -6 = -2*l - 4*m, 5*m = -5*l + 10 + 10. Suppose l*c = -3*k + 18 + 41, -2*c + 2*k + 30 = 0. Calculate the remainder when c is divided by 5.
3
Suppose 2*f - 3*f = 3*d + 47, 0 = 5*d - 3*f + 97. Let o = 33 + d. Calculate the remainder when o is divided by 6.
4
Let n(q) = -4*q - 1. Let z(i) = -i + 6. Let f be z(7). Let d be n(f). Suppose v + d*v = 40. Calculate the remainder when 18 is divided by v.
8
Suppose -2*o = o - 30. Calculate the remainder when 29 is divided by o.
9
Suppose -15 = -2*k + 27. Let t be (-66)/9 - (-2)/6. Let h = k - t. What is the remainder when h is divided by 15?
13
Let i = 37 + -17. Calculate the remainder when 77 is divided by i.
17
Suppose -1107 = 8*c - 17*c. Calculate the remainder when c is divided by 25.
23
Let q = -11 - -13. Let p = -15 - -19. Calculate the remainder when p is divided by q.
0
Let t = -4 - -4. Suppose 3*g - 3*x - 3 = 15, t = g + 2*x. Suppose 2*q = -0*q - 5*d - 11, 0 = -4*q - 4*d + 8. What is the remainder when q is divided by g?
3
Suppose -8 = 3*i + i. Let w = 66 - 105. Let h = i - w. Calculate the remainder when h is divided by 13.
11
Suppose 5*t + 4*w + 47 = -9, 48 = -5*t - 2*w. Let n(g) = 2*g**2 + 9*g + 5. Let j be n(t). Suppose 74 + j = 5*c. What is the remainder when c is divided by 7?
6
Suppose 7*h + 6 = 4*h. What is the remainder when 5 is divided by -2 - (h + 2 - 5)?
2
Suppose -u + 31 - 1 = 0. Suppose -44 = -5*t - 2*v - 0*v, 3*t - 28 = -2*v. Calculate the remainder when u is divided by t.
6
Let p(q) = -q + 1. Let t be p(3). Calculate the remainder when 41 is divided by (3 - t)*(0 + 3).
11
Suppose 5*c - 278 = d, 2*c + 2*c = d + 223. Suppose 0 = 2*r + m - c, 5*r = -2*m - m + 135. Calculate the remainder when r is divided by 16.
14
Let b(s) = s**3 - 20*s**2 - 22*s + 31. Calculate the remainder when b(21) is divided by (6/(-9))/(1/(-6)).
2
Let a(t) = t**3 + 8*t**2 + 5. Let l be a(-8). Suppose -l*n = 16 - 106. What is the remainder when 52 is divided by n?
16
Let x(d) = d + 3. Let y(r) = -r**2 + 3*r. Let v(q) = -3*q. Let m be v(-1). Let f be y(m). What is the remainder when 5 is divided by x(f)?
2
Let o(f) = 8*f**2 - 2*f + 9. What is the remainder when o(4) is divided by 10?
9
Suppose -3*a + 4*a - 44 = -4*n, 0 = 5*n - 5*a - 80. What is the remainder when n is divided by 3?
0
Let t = -50 - -74. Let h = -11 + t. What is the remainder when 37 is divided by h?
11
Suppose h + 23 = 5*y - 0*h, -4*h - 8 = y. Calculate the remainder when 7 is divided by y.
3
Suppose 112 = -0*j + 7*j. Calculate the remainder when 77 is divided by j.
13
Let a(q) = q**2 + q + 3. Let k = 4 - 4. Let n be a(k). Suppose 5*u = 3*g + 38, 26 = 4*u - g - n. Calculate the remainder when u is divided by 3.
1
Suppose 54 = n + 8. Let u = 36 - 24. What is the remainder when n is divided by u?
10
Suppose -30 = 2*k + k. Let t be 15/(-25) - 36/k. Suppose -2*g = t*g - 140. Calculate the remainder when g is divided by 15.
13
Let j(g) be the second derivative of -3*g**5/20 - g**4/6 - g**3/3 + g**2 + 5*g. Calculate the remainder when j(-2) is divided by 8.
6
Suppose 2*l - 5 = -3*x + 22, 5*x = -3*l + 41. Let b = -1 + 36. What is the remainder when b is divided by l?
11
Suppose 5*n + 86 - 296 = 0. Let p = -47 - -53. Calculate the remainder when (-3)/(-6) + n/4 is divided by p.
5
Suppose 0 = m + 2*m + u - 104, -m - 3*u = -48. What is the remainder when 65 is divided by m?
32
Suppose -w + 31 = -3*i, -4*w - i + 98 = -0*i. Calculate the remainder when w is divided by 9.
7
Let v = -9 - -14. Suppose 0 = -2*x - x, 4*y - 12 = -v*x. What is the remainder when y is divided by 2?
1
Let m = -4 + 4. Calculate the remainder when (-21)/(m - 6/4) is divided by 8.
6
Let l(m) = m**2 - 2*m. Let p be l(3). Suppose h - 19 = -4*u, -7*h + 166 = -p*h - 2*u. What is the remainder when h is divided by 14?
11
Let h = -15 + 30. Suppose 5 = -5*x - c, 3*x - 4*x = 3*c + h. Suppose x = 4*k - 71 - 41. Calculate the remainder when k is divided by 10.
8
Let w = -6 + 10. Suppose w*s - 26 - 2 = 0. Suppose 0 = u - 17 - s. Calculate the remainder when 70 is divided by u.
22
Let c(t) = t**3 + 9*t**2 + t + 13. Calculate the remainder when c(-9) is divided by 1.
0
Suppose -4*n + 1 = -3. Suppose 4*v = 8, n + 7 = -p + 5*v. What is the remainder when (39/6 + 1)*p is divided by 8?
7
What is the remainder when 46 is divided by (0 - 668/(-52)) + (-8)/(-52)?
7
Let q = -2 - 1. Let t be 1/(1 - (-7)/(-8)). What is the remainder when (-1 + q)*(-70)/t is divided by 12?
11
Suppose -5*u + 15 = 5*d - 0*u, 0 = 4*u - 8. Let h = d - -7. Calculate the remainder when 22 is divided by h.
6
Suppose 0*f = 4*f - 12. Suppose -35 = -2*w - f*w. Let v = -14 - -27. What is the remainder when v is divided by w?
6
Let c(h) = 4*h + 1. Let t = 3 - -3. Calculate the remainder when c(4) is divided by t.
5
Let l(c) = 2*c**2 - 13*c + 4. What is the remainder when 19 is divided by l(7)?
8
Let u(y) = -y**2 - 6*y - 4. Let c be u(-4). Suppose 2*k = 5*z - 4, -5*k + z = c*z - 21. Suppose 0 = 3*r - 3 - 9. Calculate the remainder when r is divided by k.
1
Suppose 0 = 2*x + 4*y - 64, y + 0*y + 38 = x. Let n = -23 + x. Calculate the remainder when n is divided by (10/2)/((-3)/(-3)).
3
Let w(b) = -34*b + 1. Suppose 0 = -4*j + 43 + 29. Calculate the remainder when w(-2) is divided by j.
15
Let o(f) = -f + 10. Let a be o(-12). Let r = a + 50. Calculate the remainder when r is divided by 25.
22
Let y(x) = x**2 - x + 1. Calculate the remainder when y(6) is divided by 18.
13
Let f be 3/6 + 3/2. Suppose f*w - 3 - 3 = 0. Calculate the remainder when 20 is divided by 0 + 11 - (3 - w).
9
Suppose c - 19 = -1. Suppose -3*x + 27 = -c. What is the remainder when 27 is divided by x?
12
Suppose -38 - 29 = -d + 2*k, 0 = -3*d - 5*k + 190. What is the remainder when d is divided by 11?
10
Let f = -57 + 41. Let g = f + 26. Suppose 0 = 2*d - 78 + 20. Calculate the remainder when d is divided by g.
9
Suppose 4*t - 16 = 8. Let m be (-2)/8 + 6/24. Suppose 4*r = -5*p + 79, m*r - 3*r = 3*p - 48. What is the remainder when p is divided by t?
3
Suppose 5*o - 21 = -6. Suppose 0 = -o*b + 320 - 56. Suppose 3*q + 2*s = -q + b, 4*q + 4*s = 88. Calculate the remainder when q is divided by 12.
10
Let o(t) = 15*t**2 - 11*t + 4. Calculate the remainder when o(4) is divided by 51.
47
Let n = -12 - -22. Calculate the remainder when n is divided by 1.
0
Suppose 144 = 5*k - a, 2*k + 4*a - 57 = 5*a. Let y(s) = -56*s - 1. Let t be y(1). Calculate the remainder when k is divided by t/(-7) + (-3)/21.
5
Suppose 2*u - 84 = -3*x, 4*x = -0*x - 2*u + 110. Suppose 2*b = 3*b - x. What is the remainder when 51 is divided by b?
25
Let b(d) = -d**3 - 5*d**2 + 7. Suppose 79 = 4*o + 7. Calculate the remainder when o is divided by b(-5).
4
Let s = 43 - -18. Let x = 61 + -29. Calculate the remainder when s is divided by x.
29
Let c be (-3)/7 + 270/42. Let b(l) = l**2 - l - 6. What is the remainder when b(c) is divided by 13?
11
Suppose -62 + 7 = -w. Calculate the remainder when w is divided by 29.
26
What is the remainder when ((-6)/4)/((-1)/16) is divided by 8?
0
Let l = -4 - -6. Let y be 2 - (-2 - (3 + -4)). Suppose 4*c + y*x - 16 = 0, l*c + c = -x + 12. Calculate the remainder when 9 is divided by c.
1
Suppose 2*m - m + 15 = 0. Suppose 4*x - 37 = 5*x. Let q = m - x. What is the remainder when q is divided by 12?
10
Let z = -14 + 24. What is the remainder when 18 is divided by z?
8
Let r(i) = -2*i + 55. What is the remainder when r(0) is divided by 19?
17
Let j(t) = 5*t. Let s be j(4). Suppose -b + s = 1. What is the remainder when 56 is divided by b?
18
Suppose 2*b + 2*b = -24. Let x = b - -24. What is the remainder when 33 is divided by x?
15
Let k = 0 + 2. Calculate the remainder when 0 + (8 + 0)/k is divided by 2.
0
Suppose 2*p = 4 + 14. What is the remainder when 32 is divided by p?
5
Suppose 12*d = 